*y + 2. What are the prime factors of u(-3)?
2, 5
Suppose 2*y + 45 - 219 = -2*r, -3*y + 348 = 4*r. What are the prime factors of r?
3, 29
Let l = 31 + -28. Let m = -15 - -23. Let w = m + l. What are the prime factors of w?
11
List the prime factors of (6 + 21 + -1)*6.
2, 3, 13
Let j = 25 + -10. Let c(a) = 9*a**3 + 2*a**2 - a. Let o be c(1). Let w = j - o. List the prime factors of w.
5
Let f = -13 - -18. Suppose -5*v = -5*p + 55, f*p + 0*v - 41 = -2*v. What are the prime factors of p?
3
Suppose -3*u = 3*v - 72, 77 = 3*u + 2*v - 0*v. What are the prime factors of u?
29
Suppose 14*m = 20*m - 564. List the prime factors of m.
2, 47
Let q = -67 + 88. What are the prime factors of q?
3, 7
Let f(y) = 2*y**3 - 3*y**2 + 2*y - 3. Let h(u) = -u - 5. Let n be h(-5). Let c(t) = -t**2 - t + 2. Let b be c(n). List the prime factors of f(b).
5
List the prime factors of (-33)/(-1) + 0/(-14).
3, 11
Let t be (-4)/2*(-2)/(-4). Let c = t + 0. List the prime factors of (-5 - c)/((-1)/2).
2
Let j(f) = 23*f**2 + f + 2. What are the prime factors of j(2)?
2, 3
Suppose -12 = -5*m + 3. Let k(b) = -2*b + 36 - 33 + 4*b. List the prime factors of k(m).
3
Let b(x) be the second derivative of -x**3/3 + x**2 - 2*x. Suppose -3*w = 3*i + 2*i + 28, -2*i = -w + 9. What are the prime factors of b(i)?
2, 3
Let j be (-308)/(-9) + 8/(-36). Let l = j + -19. List the prime factors of l.
3, 5
Suppose 0 = -5*s + 3*p - 0*p + 38, -2*s + 3*p + 8 = 0. List the prime factors of (-3)/(-9) + s/6.
2
Suppose 272 = 6*d - 4*d. What are the prime factors of d?
2, 17
Let y = -16 + 11. Let q = y - -2. List the prime factors of (q/2)/(3/(-4)).
2
List the prime factors of 4/(-7)*(-13188)/24.
2, 157
Let o be (2/(-4))/((-1)/58). Suppose 2*i = g - o, -2*g - 4*i = -6*g + 120. What are the prime factors of g?
31
Let j(t) = -t**3 + 6*t**2 - 6*t + 7. Let k be j(5). Suppose -u - 5 = -k. What are the prime factors of 7 - (0/u - 2)?
3
Suppose 0 = -4*z + 65 - 5. Suppose -2*k = -g + 5, 2*g + 3*k - 2*k = z. Let c = g + -1. What are the prime factors of c?
2, 3
Let h(d) = 2 - 2 + 8*d. List the prime factors of h(1).
2
Let y(o) = -o**2 - 4*o + 3. List the prime factors of y(-3).
2, 3
Suppose 9*x = 5*x. Suppose 2*o + 0*o = -4*d - 2, 4*d = o + 13. Let t = d - x. What are the prime factors of t?
2
Let v be (-120)/18*12/(-10). Suppose -64 = -4*u - 3*i, -u + 1 + v = -i. What are the prime factors of u?
13
Let y(j) = -3*j**3 - 2*j**2 - j. Let b be y(-1). Suppose -b*i - i = -105. Suppose -t = 5*c + t - i, 0 = 3*c - 3*t. List the prime factors of c.
5
Let x(s) = 3*s**2 - 1 + s + 3*s**2 + s - s**2. List the prime factors of x(2).
23
Let b = 406 + -242. What are the prime factors of b?
2, 41
Let w(v) = v**3 + v**2 + v + 3. Let c be w(0). Let r be (3/(9/(-3)))/(-1). Suppose c*a - 5 = r. List the prime factors of a.
2
List the prime factors of (253 - 0) + 0 + 5.
2, 3, 43
Suppose -3*p = 3*y - 69, -92 = -3*y - y + 4*p. List the prime factors of y.
23
Suppose -2*u = 3*u - 100. What are the prime factors of u?
2, 5
Suppose -979 - 419 = 3*u. List the prime factors of u/(-14) - (-4)/(-14).
3, 11
Suppose -47 - 274 = -3*d. List the prime factors of d.
107
Suppose y + 2*y - 6 = 4*x, 0 = -5*x - 2*y - 19. List the prime factors of ((-11)/1)/(x + 2).
11
Let o = -129 + 86. Let r = o + 72. What are the prime factors of r?
29
Let h be 1/(-3) + (-265)/(-3). What are the prime factors of 6/15 - h/(-5)?
2, 3
Suppose 3*f + 61 = 4*l, 0 = -4*l - 0*f - f + 65. What are the prime factors of l?
2
List the prime factors of 3*508/6 - (-3)/(-1).
251
Let z(d) = 17*d**2 - 4*d + 2. List the prime factors of z(2).
2, 31
Suppose 0 = -2*n - 0*n + 10. Suppose 3*d + 5*z - 45 = 11, n*d - 160 = 5*z. What are the prime factors of d?
3
Let t(n) = n**2 + 3*n + 2. Let l be t(-2). Suppose l = 3*o - 49 - 38. What are the prime factors of o?
29
Let n = 1 + -1. Let u = -11 - -18. Let k = u + n. List the prime factors of k.
7
Let p = 10 + -6. Suppose 3*s = d + 67, -8*s = -p*s - 4*d - 76. What are the prime factors of s?
2, 3
Let t(z) = -z + 2*z - 32 + 37 + 3*z. Let u be t(7). Suppose 2*l - 4*l = 2*m - 22, 3*m + 4*l - u = 0. What are the prime factors of m?
11
Let o(g) = -g**2 + 9*g - 10. Let r be o(8). What are the prime factors of (72/84)/(r/(-42))?
2, 3
Suppose o = 5*w - 55, -2 = -w + 3*o - 5. What are the prime factors of w?
2, 3
Let p(b) = b**3 + b + 5. Let z be p(0). Suppose 0*a + a = -z. Let n(y) = -y**2 - 8*y - 3. What are the prime factors of n(a)?
2, 3
Let p be (1*3)/(3/4). Suppose 0 = 3*t + p*m + m - 15, -3*t - 3 = -m. Suppose -12 + t = -3*n. What are the prime factors of n?
2
Suppose -n + 3*n - 3*z = 0, 0 = -3*z + 6. Suppose -2*u = 5*i - 12 - 10, 3*i = n*u + 9. List the prime factors of i.
2
Let t be 6/(-10) - 26/(-10). Suppose 3*d - 40 = 4*y, t*d - d + y = 18. What are the prime factors of d?
2
Let q(v) = -11*v - 36. What are the prime factors of q(-15)?
3, 43
Suppose -3*w + 23 = 4*r, 12 - 37 = -5*w - 4*r. Let n be (-1)/((-28)/27 + w). Suppose 4 = o - 5*u, -n = -3*o + 2*u - 2. List the prime factors of o.
3
Let i(h) = -h**3 + 13*h**2 - 12*h + 7. Let p be (-16)/10*(-15)/2. Let v be 47/4 - (-3)/p. What are the prime factors of i(v)?
7
Let s = 93 - 67. List the prime factors of s.
2, 13
Suppose -5*q = -2*o - 12, 3*q - 24 = -0*q - 3*o. Suppose 9*a - 4*a = 30. Suppose -a = x - q*x. List the prime factors of x.
2
Let h(c) = -c**2 + 8*c + 12. Let p be h(9). Suppose p*t - 156 = -t. What are the prime factors of t?
3, 13
Let n = 1 + -5. Let a be 28 - n/(-6)*-3. Suppose 3*v - a = v. List the prime factors of v.
3, 5
Let r(q) = q - 4. Let x be r(6). Let d be (-5*x)/(2/(-5)). Suppose 3*j - d = -1. What are the prime factors of j?
2
Let u(y) be the third derivative of -y**6/120 + y**5/10 + 5*y**4/12 - 5*y**3/3 + 7*y**2. What are the prime factors of u(7)?
11
Let s = -22 - -82. List the prime factors of s.
2, 3, 5
List the prime factors of 114/(-12)*1*-2.
19
Let c = 23 + -24. What are the prime factors of ((-1 - -3) + c)*3?
3
List the prime factors of -1*(2 - 0) - 1056/(-11).
2, 47
Let z(w) = 2*w**2. List the prime factors of z(-5).
2, 5
Suppose -a - 7 - 5 = -2*b, -3*a + b = 26. List the prime factors of -4*(6/a + -4).
19
What are the prime factors of 80/(-6)*(-30)/20?
2, 5
Suppose w = 2*u, 4*w + 2*u + 3 - 23 = 0. Suppose 2*k = 6*k - 4, 3*a - k = -25. What are the prime factors of (w/a)/((-2)/36)?
3
List the prime factors of -142*((-4)/(-26) - 897/338).
5, 71
Let f(z) = -20*z - 1. What are the prime factors of f(-1)?
19
Suppose 4*c - 14 = v, -3*v - 4*c + 18 = -c. Let d = v + 1. Suppose x + 3*z = z + 11, -d*x = 5*z - 36. List the prime factors of x.
17
Let p(q) = -30*q + 1. Let y(m) = -10*m. Let n(o) = 2*p(o) - 7*y(o). Let a be n(2). Let s = -13 + a. List the prime factors of s.
3
Let r = -30 + 69. What are the prime factors of r?
3, 13
Let j = 4 - -1. Suppose -j = 5*g - 115. What are the prime factors of g?
2, 11
Let i be 4/(-2)*15/(-6). Suppose 2*g + 6 = -4*q + 20, -65 = -i*g - 4*q. What are the prime factors of g?
17
Let m(t) be the second derivative of -t**3/6 + t. Let o be m(1). What are the prime factors of 5*(o - (-33)/15)?
2, 3
Suppose 5*n = 5*b - 69 - 186, -5*b = 2*n - 227. What are the prime factors of b?
47
Let j(b) = -b**2 - 5*b - 9. Let w be j(-6). Let s = 11 + w. Let g = s - -10. List the prime factors of g.
2, 3
Let w = -182 + 290. What are the prime factors of w?
2, 3
Let p(d) = -3*d + 10. List the prime factors of p(-6).
2, 7
Suppose -24 + 94 = -3*d - 4*n, -49 = 2*d + 5*n. Let j = -11 - d. What are the prime factors of j?
11
Let l(y) = y**3 + 11*y**2 + 10*y + 12. Let u be l(-10). Let m = 20 - u. What are the prime factors of m?
2
Let j(s) = -10*s + 1. Let o be j(-1). Let z = 4 + -8. Let g = o + z. What are the prime factors of g?
7
Let y(p) = -p**2 + 12*p - 7. Let a = -2 + 13. List the prime factors of y(a).
2
Suppose -3*a - 14 = -a. Let s = 7 + a. Suppose 2*x - 9 - 15 = s. What are the prime factors of x?
2, 3
Let k = -177 - -330. What are the prime factors of k?
3, 17
Let x be ((-55)/5)/(1/(-2)). Suppose 2*p = -2*s + x, s = 2*s - 5*p + 13. What are the prime factors of s?
7
Suppose -2*n + 2*y + 190 = 0, 2*y = -4*n - y + 345. What are the prime factors of n?
2, 3, 5
Let w = 4 + 0. Suppose 72 = w*a - 0*a. What are the prime factors of a?
2, 3
Let c = -12 